= -4*x - 1 + x**2 + 0 + 14*x - a*x. Calculate the remainder when 33 is divided by j(-2).
6
Suppose 0 = -d - 1, -5*q + 58 = -7*d + 9*d. Suppose l - q = 9. What is the remainder when 59 is divided by l?
17
Let b(u) be the second derivative of -u**4/12 - 2*u**3 - 15*u**2/2 - u. Let k = 664 + -671. What is the remainder when 58 is divided by b(k)?
18
Suppose 25*t + 5*t = -20*t + 750. Let u(k) = -6*k - 3. Calculate the remainder when u(-4) is divided by t.
6
Let s = -22 + 19. What is the remainder when (4/s - -2)*3285/10 is divided by 44?
43
Let t(y) be the third derivative of y**4/3 + y**3/3 + 14*y**2. Calculate the remainder when t(1) is divided by 4.
2
Suppose -2*a + 1040 = 50*a. What is the remainder when 44 is divided by a?
4
Let u be 1*(-2 - -5)*1. Suppose 4*s - 32 = 3*s. Suppose -4*d = -o - s, 0 = -2*d - 0*o + u*o + 26. Calculate the remainder when 25 is divided by d.
4
Let u(w) = w + 6. Let h(p) = 3*p - 10. Let a be h(7). Let s be u(a). Suppose -4*g - 14 = -v, -s = -5*v - 4*g + 5. What is the remainder when v is divided by 4?
2
Calculate the remainder when 411 is divided by (-378)/70*(10/3)/(-1).
15
Let y(c) = -c**3 - 6*c**2 + 3*c + 4. Let z be y(-6). Let q = z + 21. Suppose -5*a + 52 = 3*h, h - 2*h = 3*a - 16. What is the remainder when h is divided by q?
5
Suppose 0 = -0*d - 4*d + 8. Let w = d + -15. Let n = w + 16. Calculate the remainder when n is divided by 2.
1
Let m(h) = -h**2 + 12*h - 10. Let u be m(11). Suppose 2 = a - 4. Calculate the remainder when (1 + u)*12/8*7 is divided by a.
3
Suppose -4*d - 36 = 3*l - 4*l, 3*d - 123 = -3*l. Suppose -142 = -3*h + 4*g + 341, 462 = 3*h + 3*g. What is the remainder when h is divided by l?
37
Let d(j) = -2*j**3 - 2*j**2 + 8*j + 3. What is the remainder when d(-4) is divided by 11?
1
Let f(d) = -d**2 - 16*d - 31. Calculate the remainder when 29 is divided by f(-12).
12
Let v(m) = -m - 4*m - m**2 + 0 + 6 + 4*m**2. Suppose 0 = y - 4 - 8. What is the remainder when v(4) is divided by y?
10
Let h = 50 - 9. Suppose -6 = 2*c, -2*c + c + 292 = 5*y. Suppose -5*l = x - y, 7 = -2*l + 3*x + 17. What is the remainder when h is divided by l?
8
Let i be -3*((3 - 8) + -2). Suppose 0 = -3*l - 5*f + 10 + i, -3*f = l - 9. Suppose -3*a = 2*a - 225. What is the remainder when a is divided by l?
9
Suppose -19 + 11 = -2*k. Suppose 3*p + 5*l = -71, -k*p - 3*l = l + 84. Let u = 25 + p. Calculate the remainder when 38 is divided by u.
6
Let w be ((-120)/(-9))/((-2)/(-6)). Let g = w - 58. What is the remainder when 29 is divided by (-4)/g - 399/(-27)?
14
Suppose -4*u = -0*u - 80. Let f = 28 - u. Calculate the remainder when ((-35)/2)/(-7)*(-44)/(-5) is divided by f.
6
Suppose 0*t - 216 = 6*t. What is the remainder when 40 is divided by 4*t/(-8) + -4?
12
Suppose 15 = 3*z - 5*k, 0 = -3*z - k - 4 + 1. Suppose -7*c = -z*c - 301. Calculate the remainder when c is divided by 22.
21
Suppose -5*z = -10, 2*z - 257 - 93 = -t. Calculate the remainder when t is divided by 27.
22
Let s be 1/((-1)/(-6)) + 0. Suppose -31 = s*x - 7*x. Calculate the remainder when x is divided by (-43)/(-4) - 3/(-12).
9
Let m = 0 - -1. Suppose -8*r - 4 = 4. Calculate the remainder when 13 is divided by -2*(r + m + -4).
5
Let v(w) = 2*w**2 + 40*w + 25. Calculate the remainder when 4/(19/18 - 1) is divided by v(-20).
22
What is the remainder when (51/34)/((-12)/(-3832)) is divided by 81?
74
Suppose 2*z = 4*k - 126, -3*k - 2*z = 2*k - 162. Suppose -3*b - 3*x - 21 = 0, -1 + 0 = 3*b - 2*x. Calculate the remainder when k is divided by -3 + 6*(-10)/b.
15
Let i = 39 - 40. Let h(t) = t + 2. Let g be h(5). Let y = i + g. Calculate the remainder when 9 is divided by y.
3
Let d(g) = g**3 + 6*g**2 + 6*g + 10. What is the remainder when 163 is divided by d(-5)?
3
Suppose y + 33 = 142. What is the remainder when 324 is divided by y?
106
Let p = -11 - -26. Calculate the remainder when ((-111)/(-12) - 2)*4 is divided by p.
14
Let r = 2358 + -2150. Calculate the remainder when r is divided by 24.
16
Suppose -2*c = 5*q - 157, -q + 0*q - 433 = -5*c. What is the remainder when c is divided by 31?
24
Let y = -36 - -21. Suppose -4*l - 3*n = -l - 72, -2*n + 67 = 3*l. Let b = l + y. Calculate the remainder when 26 is divided by b.
2
Suppose -2*b = -17*b + 60. Suppose 5*o + 35 - 148 = -u, b*o - 16 = 0. What is the remainder when u is divided by 32?
29
Let t = -18 - -20. Suppose 0 = -5*j + 29 - 4. Suppose 5*u = j*l + t - 207, 86 = 2*l - 4*u. What is the remainder when l is divided by 11?
6
Suppose -6*i - 434 = -37*i. Calculate the remainder when i is divided by 3.
2
Suppose 2*j + 4*c - 2 = -0, 4*j - 3*c = 48. Let s = 57 + -33. Calculate the remainder when s is divided by j.
6
Let l = 871 + -797. Suppose -4*k - 5 = -13. Suppose -k*u - 2*u = 16, 3*f + u - 71 = 0. Calculate the remainder when l is divided by f.
24
Let k(m) = m + 33. Let y be k(17). Let w = y + 14. Let i(s) = s**2 - 2*s + 7. Calculate the remainder when w is divided by i(5).
20
Suppose -12*s - 14283 = -39*s. What is the remainder when s is divided by 10?
9
Let v = -12 + 33. Let f = v + -19. Calculate the remainder when 86 is divided by (f - 4)*-1*11.
20
Let m = 104 - 235. Let v = -83 - m. What is the remainder when 191 is divided by v?
47
Let t(h) = -h**3 + 2 - 4 + 2*h**2 + 2*h**2. Suppose 5*v + 8 + 12 = 0, b = -5*v - 18. Calculate the remainder when t(3) is divided by b.
1
Let w = -8 + 25. Let u(o) = -o. Let a(y) = -13*y**2 + 3*y. Let r be a(1). What is the remainder when w is divided by u(r)?
7
Suppose -5*t = 2*s - 5*s, 5*t + 25 = -2*s. Calculate the remainder when 4/t*(-2 - 91 - 0) is divided by 25.
24
What is the remainder when 588/16 - 3/(-12) is divided by 21?
16
Suppose 806 = 2*r - 4*g, 11*r = 7*r + 4*g + 1620. Calculate the remainder when r is divided by 51.
50
Let w(d) = d**2 + 9*d + 17. Suppose j + 2*j = 4*v - 2, -6 = -3*v. Suppose j*n - 70 = -0*n. What is the remainder when n is divided by w(-8)?
8
What is the remainder when 100 is divided by 1/(2/70 - 0)?
30
Let g(c) = c + 1. Let b be g(0). Let x(p) = 25*p**3 - 2*p**2 + p. Calculate the remainder when 118 is divided by x(b).
22
Let l(k) = 3*k**2 + k - 12. Let g be l(-4). Let c = 37 - g. What is the remainder when 9 is divided by c?
4
Suppose -26*u + 50 = 2*w - 22*u, -4*w + 3*u + 45 = 0. Calculate the remainder when 74 is divided by w.
14
What is the remainder when 250 is divided by 94308/1392 - (5/(-4) - -1)?
46
Let f be 0/5 - (2 - 0). Let r be f*(3 + (-2 - 8)). Suppose -198 = -4*b - r. What is the remainder when b is divided by 12?
10
Let g be 2/(-4) - 21/(-6). Let a(l) = 16 + 2*l - g - l - 3. Calculate the remainder when a(7) is divided by 4.
1
Let w be (0 + 1)/((-1)/(-53)). Let a be 8/10 - 954/30. Let k = a + w. What is the remainder when k is divided by 8?
6
Let o(g) = -g + 2. Let i be ((-18)/8 - -2)*-8. Let k = 0 + i. What is the remainder when o(-3) is divided by k?
1
Let i(j) = -j**3 + j**2 + 5*j - 6. Let c = -7 + 31. What is the remainder when i(-5) is divided by c?
23
Suppose 59*z = 57*z + 10. Suppose 5*a - x = 46, -5*a - z*x = 6 - 46. Calculate the remainder when 70 is divided by a.
7
Let h = 0 - -52. What is the remainder when 257 is divided by h?
49
Let g(x) = -x**3 - 13*x**2 + 2. Let q be g(-13). Suppose 5*p = 4*z - 63, -q*z = p - 6*p - 29. What is the remainder when z is divided by 4?
1
Suppose 0 = -5*i + 10, 5*u - 2*i - 5 = 2*u. Suppose 4*g + u*g - 378 = 0. What is the remainder when g is divided by 16?
6
Suppose 4*a + 52*q - 506 = 50*q, -595 = -5*a + 5*q. What is the remainder when a is divided by 14?
12
Let j = -359 - -383. What is the remainder when 307 is divided by j?
19
Suppose -100 = -6*y + 2*y. Let u(l) = -2*l + 9. Let j be u(11). What is the remainder when y is divided by (j/((-52)/84))/((-6)/(-4))?
11
Let s(i) = 6*i + 3. Let d(k) = k**3 + 6*k**2 + 3. Let p be d(-6). Calculate the remainder when 248/6 + 21/(-63) is divided by s(p).
20
Let o = 19 + 4. Suppose x + 25*b - 33 = 27*b, -2*b + 102 = 2*x. Calculate the remainder when x is divided by o.
22
Suppose -2 = -2*n + 2, -2*n = 5*i - 34. Suppose w + 15 = i*w. Calculate the remainder when 14 is divided by w.
2
Let t(i) = 2*i - 3. Let w be t(-1). Let f be (w/(-3))/(3/126). Suppose -4*p + 0*v + f = -v, 36 = 2*p - v. What is the remainder when p is divided by 9?
8
Let u = -155 - -182